actors of 4198?
2, 2099
What are the prime factors of 59334?
2, 3, 11, 29, 31
What are the prime factors of 13579?
37, 367
What are the prime factors of 2214?
2, 3, 41
What are the prime factors of 1547?
7, 13, 17
What are the prime factors of 824?
2, 103
What are the prime factors of 1735?
5, 347
What are the prime factors of 185?
5, 37
List the prime factors of 12472.
2, 1559
What are the prime factors of 915?
3, 5, 61
List the prime factors of 8373.
3, 2791
List the prime factors of 4180.
2, 5, 11, 19
List the prime factors of 3105.
3, 5, 23
What are the prime factors of 40828?
2, 59, 173
What are the prime factors of 1551?
3, 11, 47
List the prime factors of 1597.
1597
What are the prime factors of 134243?
134243
List the prime factors of 3903.
3, 1301
What are the prime factors of 23139?
3, 857
What are the prime factors of 914?
2, 457
List the prime factors of 539.
7, 11
List the prime factors of 15291.
3, 1699
What are the prime factors of 1682?
2, 29
What are the prime factors of 3020?
2, 5, 151
List the prime factors of 697.
17, 41
List the prime factors of 80.
2, 5
List the prime factors of 170.
2, 5, 17
List the prime factors of 3135.
3, 5, 11, 19
List the prime factors of 38134.
2, 23, 829
What are the prime factors of 5916?
2, 3, 17, 29
What are the prime factors of 6254?
2, 53, 59
List the prime factors of 18721.
97, 193
What are the prime factors of 890?
2, 5, 89
What are the prime factors of 2315?
5, 463
What are the prime factors of 36867?
3, 12289
What are the prime factors of 709?
709
What are the prime factors of 2635?
5, 17, 31
List the prime factors of 62.
2, 31
What are the prime factors of 4672?
2, 73
What are the prime factors of 1072?
2, 67
What are the prime factors of 5580?
2, 3, 5, 31
List the prime factors of 91087.
79, 1153
List the prime factors of 15911.
7, 2273
List the prime factors of 3242.
2, 1621
List the prime factors of 3088.
2, 193
List the prime factors of 2449.
31, 79
List the prime factors of 8028.
2, 3, 223
List the prime factors of 3185.
5, 7, 13
What are the prime factors of 4265?
5, 853
What are the prime factors of 1338?
2, 3, 223
List the prime factors of 609.
3, 7, 29
What are the prime factors of 71056?
2, 4441
What are the prime factors of 1239?
3, 7, 59
What are the prime factors of 578?
2, 17
List the prime factors of 6263.
6263
What are the prime factors of 2358?
2, 3, 131
List the prime factors of 304.
2, 19
What are the prime factors of 98?
2, 7
What are the prime factors of 949?
13, 73
List the prime factors of 3580.
2, 5, 179
List the prime factors of 41811.
3, 7, 11, 181
What are the prime factors of 171959?
61, 2819
What are the prime factors of 1412?
2, 353
List the prime factors of 133579.
31, 139
List the prime factors of 2502.
2, 3, 139
List the prime factors of 82493.
82493
What are the prime factors of 1094?
2, 547
What are the prime factors of 530?
2, 5, 53
What are the prime factors of 1560?
2, 3, 5, 13
List the prime factors of 780.
2, 3, 5, 13
What are the prime factors of 4423?
4423
List the prime factors of 2716.
2, 7, 97
What are the prime factors of 3308?
2, 827
List the prime factors of 22846.
2, 11423
List the prime factors of 67886.
2, 7, 13, 373
What are the prime factors of 24191?
17, 1423
List the prime factors of 43936.
2, 1373
List the prime factors of 3428.
2, 857
List the prime factors of 774.
2, 3, 43
What are the prime factors of 404?
2, 101
List the prime factors of 142841.
142841
List the prime factors of 2333.
2333
What are the prime factors of 145283?
145283
List the prime factors of 25474.
2, 47, 271
What are the prime factors of 8881?
83, 107
What are the prime factors of 11498?
2, 5749
What are the prime factors of 2299?
11, 19
List the prime factors of 879.
3, 293
What are the prime factors of 15065?
5, 23, 131
List the prime factors of 3729.
3, 11, 113
What are the prime factors of 21735?
3, 5, 7, 23
What are the prime factors of 4174?
2, 2087
What are the prime factors of 1488?
2, 3, 31
What are the prime factors of 21625?
5, 173
List the prime factors of 8169.
3, 7, 389
What are the prime factors of 9736?
2, 1217
List the prime factors of 1210.
2, 5, 11
What are the prime factors of 85352?
2, 47, 227
List the prime factors of 135801.
3, 79, 191
List the prime factors of 17018.
2, 67, 127
What are the prime factors of 7101?
3, 263
What are the prime factors of 45224?
2, 5653
What are the prime factors of 6418?
2, 3209
List the prime factors of 82018.
2, 23, 1783
What are the prime factors of 1321?
1321
List the prime factors of 7099.
31, 229
List the prime factors of 4851.
3, 7, 11
What are the prime factors of 60?
2, 3, 5
List the prime factors of 156256.
2, 19, 257
What are the prime factors of 87489?
3, 9721
List the prime factors of 31262.
2, 7, 11, 29
What are the prime factors of 91?
7, 13
List the prime factors of 40566.
2, 3, 6761
What are the prime factors of 4053?
3, 7, 193
List the prime factors of 21686.
2, 7, 1549
What are the prime factors of 255?
3, 5, 17
What are the prime factors of 145692?
2, 3, 19, 71
List the prime factors of 56202.
2, 3, 17, 19, 29
What are the prime factors of 30291?
3, 23, 439
List the prime factors of 7751.
23, 337
What are the prime factors of 3482?
2, 1741
List the prime factors of 17674.
2, 8837
List the prime factors of 2859.
3, 953
List the prime factors of 15623.
17, 919
What are the prime factors of 6927?
3, 2309
What are the prime factors of 11045?
5, 47
What are the prime factors of 991?
991
List the prime factors of 2524.
2, 631
List the prime factors of 13703.
71, 193
List the prime factors of 61589.
11, 509
What are the prime factors of 35656?
2, 4457
List the prime factors of 32165.
5, 7, 919
What are the prime factors of 16682?
2, 19, 439
What are the prime factors of 1977?
3, 659
List the prime factors of 7194.
2, 3, 11, 109
What are the prime factors of 6857?
6857
List the prime factors of 53988.
2, 3, 11, 409
List the prime factors of 1526.
2, 7, 109
What are the prime factors of 162756?
2, 3, 11, 137
What are the prime factors of 658?
2, 7, 47
What are the prime factors of 1713?
3, 571
List the prime factors of 132.
2, 3, 11
What are the prime factors of 2423?
2423
What are the prime factors of 11049?
3, 29, 127
What are the prime factors of 1224?
2, 3, 17
What are the prime factors of 2248?
2, 281
List the prime factors of 3055.
5, 13, 47
List the prime factors of 3503.
31, 113
What are the prime factors of 1077?
3, 359
What are the prime factors of 26725?
5, 1069
List the prime factors of 81708.
2, 3, 11, 619
What are the prime factors of 465?
3, 5, 31
List the prime factors of 9756.
2, 3, 271
List the prime factors of 6567.
3, 11, 199
What are the prime factors of 2569?
7, 367
List the prime factors of 10837.
10837
What are the prime factors of 11188?
2, 2797
List the prime factors of 1316.
2, 7, 47
What are the prime factors of 18624?
2, 3, 97
What are the prime factors of 17223?
3, 5741
List the prime factors of 621.
3, 23
List the prime factors of 108946.
2, 19, 47, 61
What are the prime factors of 2241?
3, 83
List the prime factors of 1839.
3, 613
What are the prime factors of 5696?
2, 89
What are the prime factors of 55625?
5, 89
What are the prime factors of 4178?
2, 2089
What are the prime factors of 42883?
19, 37, 61
What are the prime factors of 79280?
2, 5, 991
List the prime factors of 26239.
19, 1381
What are the prime factors of 5243?
7, 107
List the prime factors of 2524.
2, 631
List the prime factors of 5490.
2, 3, 5, 61
What are the prime factors of 23254?
2, 7, 11, 151
List the prime factors of 9318.
2, 3, 1553
List the prime factors of 1511.
1511
List the prime factors of 2566.
2, 1283
List the prime factors of 2941.
17, 173
What are the prime factors of 4640?
2, 5, 29
What are the prime factors of 731?
17, 43
What are the prime factors of 14361?
3, 4787
What are the prime factors of 56765?
5, 11353
What are the prime factors of 48469?
19, 2551
List the prime factors of 67408.
2, 11, 383
List the prime factors of 695.
5, 139
List the prime factors of 18728.
2, 2341
What are the prime factors of 8640?
2, 3, 5
List the prime factors of 6089.
6089
What are the prime factors of 21437?
13, 17, 97
List the prime factors of 3471.
3, 13, 89
What are the prime factors of 8